 

{"id":8534,"date":"2021-04-07T14:21:17","date_gmt":"2021-04-07T12:21:17","guid":{"rendered":"https:\/\/www.carrerivegauche.com\/testboutique\/boutique-crg\/saint-vincent-ferreri\/"},"modified":"2021-05-12T12:26:31","modified_gmt":"2021-05-12T10:26:31","slug":"saint-vincent-ferreri","status":"publish","type":"product","link":"https:\/\/www.carrerivegauche.com\/fr\/boutique-crg\/saint-vincent-ferreri\/","title":{"rendered":"\u00ab Saint Vincent Ferreri \u00bb"},"content":{"rendered":"","protected":false},"excerpt":{"rendered":"<p style=\"margin: 0px 0px 10px; padding: 0px; color: #636363;\"><span style=\"margin: 0px; padding: 0px; font-weight: bold;\">Statue de saint Vincent brandissant la croix avec \u00e0 ses pieds et de part et d\u2019autre deux angelots, l\u2019un portant un livre, l\u2019autre muni d\u2019un arc.<\/span><br style=\"margin: 0px; padding: 0px;\" \/>L\u2019ensemble est pos\u00e9 sur un pi\u00e9destal pyramidal recouvert de feuilles de laiton avec, au centre, une sc\u00e8ne de descente au tombeau en ivoire sculpt\u00e9 ceint d\u2019un d\u00e9cor de palmes en argent et de motifs divers en corail et nacre.<br style=\"margin: 0px; padding: 0px;\" \/>Dimensions\u00a0: hauteur de 26 cm \u2013 la base 14 cm x 6 cm.<br style=\"margin: 0px; padding: 0px;\" \/>Provenance\u00a0: ex collection sise \u00e0 Trapani<br style=\"margin: 0px; padding: 0px;\" \/><span style=\"margin: 0px; padding: 0px; font-weight: bold;\">Trapani c. 1700.<\/span><\/p>\n<h3 style=\"margin: 0px 0px 10px; padding: 0px; clear: both; color: #3a3a3a; font-variant-numeric: normal; font-variant-east-asian: normal; font-weight: normal; font-stretch: normal; font-size: 24px; line-height: 30px;\"><span style=\"margin: 0px; padding: 0px; font-weight: bold;\">Prix sur demande<\/span><\/h3>\n<p style=\"margin: 0px 0px 10px; padding: 0px; color: #636363;\"><span style=\"margin: 0px; padding: 0px; font-weight: bold;\"><em style=\"margin: 0px; padding: 0px;\">\u00ab\u00a0Saint Vincent Ferreri\u00a0\u00bb<\/em><\/span><br style=\"margin: 0px; padding: 0px;\" \/><span style=\"margin: 0px; padding: 0px; font-weight: bold;\"><em style=\"margin: 0px; padding: 0px;\">Ivory statue of the Saint, two little angels at his feet.<\/em><\/span><br style=\"margin: 0px; padding: 0px;\" \/><em style=\"margin: 0px; padding: 0px;\">The wooden base is covered with brass leaves with an ivory motive evocating the scene of the Christ descent in the grave surrounded by silver palm leaves and various pieces of coral and mother of pearl.<\/em><br style=\"margin: 0px; padding: 0px;\" \/><em style=\"margin: 0px; padding: 0px;\">Provenance\u00a0: private Trapani collector.<\/em><br style=\"margin: 0px; padding: 0px;\" \/><em style=\"margin: 0px; padding: 0px;\">Dimensions\u00a0: 26 cm high x 14 cm x 6 cm<\/em><br style=\"margin: 0px; padding: 0px;\" \/><span style=\"margin: 0px; padding: 0px; font-weight: bold;\"><em style=\"margin: 0px; padding: 0px;\">Trapani Sicilia c. 1700.<\/em><\/span><\/p>\n","protected":false},"featured_media":8513,"template":"","meta":[],"product_brand":[],"product_cat":[241],"product_tag":[],"class_list":{"0":"post-8534","1":"product","2":"type-product","3":"status-publish","4":"has-post-thumbnail","6":"product_cat-delalande","7":"description-off","9":"first","10":"instock","11":"shipping-taxable","12":"product-type-simple"},"aioseo_notices":[],"_links":{"self":[{"href":"https:\/\/www.carrerivegauche.com\/fr\/wp-json\/wp\/v2\/product\/8534","targetHints":{"allow":["GET"]}}],"collection":[{"href":"https:\/\/www.carrerivegauche.com\/fr\/wp-json\/wp\/v2\/product"}],"about":[{"href":"https:\/\/www.carrerivegauche.com\/fr\/wp-json\/wp\/v2\/types\/product"}],"wp:featuredmedia":[{"embeddable":true,"href":"https:\/\/www.carrerivegauche.com\/fr\/wp-json\/wp\/v2\/media\/8513"}],"wp:attachment":[{"href":"https:\/\/www.carrerivegauche.com\/fr\/wp-json\/wp\/v2\/media?parent=8534"}],"wp:term":[{"taxonomy":"product_brand","embeddable":true,"href":"https:\/\/www.carrerivegauche.com\/fr\/wp-json\/wp\/v2\/product_brand?post=8534"},{"taxonomy":"product_cat","embeddable":true,"href":"https:\/\/www.carrerivegauche.com\/fr\/wp-json\/wp\/v2\/product_cat?post=8534"},{"taxonomy":"product_tag","embeddable":true,"href":"https:\/\/www.carrerivegauche.com\/fr\/wp-json\/wp\/v2\/product_tag?post=8534"}],"curies":[{"name":"wp","href":"https:\/\/api.w.org\/{rel}","templated":true}]}}

<p style="margin: 0px 0px 10px; padding: 0px; color: #636363;"><span style="margin: 0px; padding: 0px; font-weight: bold;">Statue de saint Vincent brandissant la croix avec à ses pieds et de part et d’autre deux angelots, l’un portant un livre, l’autre muni d’un arc.</span><br style="margin: 0px; padding: 0px;" />L’ensemble est posé sur un piédestal pyramidal recouvert de feuilles de laiton avec, au centre, une scène de descente au tombeau en ivoire sculpté ceint d’un décor de palmes en argent et de motifs divers en corail et nacre.<br style="margin: 0px; padding: 0px;" />Dimensions : hauteur de 26 cm – la base 14 cm x 6 cm.<br style="margin: 0px; padding: 0px;" />Provenance : ex collection sise à Trapani<br style="margin: 0px; padding: 0px;" /><span style="margin: 0px; padding: 0px; font-weight: bold;">Trapani c. 1700.</span></p>
<h3 style="margin: 0px 0px 10px; padding: 0px; clear: both; color: #3a3a3a; font-variant-numeric: normal; font-variant-east-asian: normal; font-weight: normal; font-stretch: normal; font-size: 24px; line-height: 30px;"><span style="margin: 0px; padding: 0px; font-weight: bold;">Prix sur demande</span></h3>
<p style="margin: 0px 0px 10px; padding: 0px; color: #636363;"><span style="margin: 0px; padding: 0px; font-weight: bold;"><em style="margin: 0px; padding: 0px;">« Saint Vincent Ferreri »</em></span><br style="margin: 0px; padding: 0px;" /><span style="margin: 0px; padding: 0px; font-weight: bold;"><em style="margin: 0px; padding: 0px;">Ivory statue of the Saint, two little angels at his feet.</em></span><br style="margin: 0px; padding: 0px;" /><em style="margin: 0px; padding: 0px;">The wooden base is covered with brass leaves with an ivory motive evocating the scene of the Christ descent in the grave surrounded by silver palm leaves and various pieces of coral and mother of pearl.</em><br style="margin: 0px; padding: 0px;" /><em style="margin: 0px; padding: 0px;">Provenance : private Trapani collector.</em><br style="margin: 0px; padding: 0px;" /><em style="margin: 0px; padding: 0px;">Dimensions : 26 cm high x 14 cm x 6 cm</em><br style="margin: 0px; padding: 0px;" /><span style="margin: 0px; padding: 0px; font-weight: bold;"><em style="margin: 0px; padding: 0px;">Trapani Sicilia c. 1700.</em></span></p>
