 

{"id":8143,"date":"2021-05-05T17:52:53","date_gmt":"2021-05-05T15:52:53","guid":{"rendered":"https:\/\/www.carrerivegauche.com\/testboutique\/boutique-crg\/bergere-estampillee-de-paul-francois-jean\/"},"modified":"2021-05-12T10:00:14","modified_gmt":"2021-05-12T08:00:14","slug":"bergere-estampillee-de-paul-francois-jean","status":"publish","type":"product","link":"https:\/\/www.carrerivegauche.com\/fr\/boutique-crg\/bergere-estampillee-de-paul-francois-jean\/","title":{"rendered":"Berg\u00e8re estampill\u00e9e de Paul-Fran\u00e7ois JEAN"},"content":{"rendered":"<div class=\"portfolio-entry\" style=\"padding: 0px; margin: 0px 0px 20px; color: #515151; font-family: Lato,;\">\n<p style=\"margin: 0px 0px 10px;\">Berg\u00e8re en h\u00eatre laqu\u00e9 gris \u00e0 dossier anse de panier, pieds fusel\u00e9s et cannel\u00e9s.<\/p>\n<p style=\"margin: 0px 0px 10px;\">Estampill\u00e9e de Paul-Fran\u00e7ois Jean, re\u00e7u maitre en 1784.<\/p>\n<p style=\"margin: 0px 0px 10px;\">Epoque: fin XVIII\u00e8me.<\/p>\n<p style=\"margin: 0px 0px 10px;\">Dim : L 65 \u00a0P 68 \u00a0H 97<\/p>\n<p style=\"margin: 0px;\">Ref : 2262<\/p>\n<\/div>\n<div class=\"portfolio-meta\" style=\"color: #515151; font-family: Lato,;\">\n<div class=\"portfolio-btn-cont\" style=\"padding: 25px 0px 0px; margin-top: 20px; clear: both;\">\n<div class=\"btns-nav\" style=\"float: left;\"><\/div>\n<\/div>\n<\/div>\n","protected":false},"excerpt":{"rendered":"<div class=\"portfolio-entry\" style=\"padding: 0px; margin: 0px 0px 20px; color: #515151; font-family: Lato,;\">\n<p style=\"margin: 0px 0px 10px;\">Berg\u00e8re en h\u00eatre laqu\u00e9 gris \u00e0 dossier anse de panier, pieds fusel\u00e9s et cannel\u00e9s.<\/p>\n<p style=\"margin: 0px 0px 10px;\">Estampill\u00e9e de Paul-Fran\u00e7ois Jean, re\u00e7u maitre en 1784.<\/p>\n<p style=\"margin: 0px 0px 10px;\">Epoque: fin XVIII\u00e8me;<\/p>\n<\/div>\n<div class=\"portfolio-meta\" style=\"color: #515151; font-family: Lato,;\">\n<div class=\"portfolio-btn-cont\" style=\"padding: 25px 0px 0px; margin-top: 20px; clear: both;\">\n<div class=\"btns-nav\" style=\"float: left;\"><\/div>\n<\/div>\n<\/div>\n","protected":false},"featured_media":8144,"template":"","meta":[],"product_brand":[],"product_cat":[248],"product_tag":[],"class_list":{"0":"post-8143","1":"product","2":"type-product","3":"status-publish","4":"has-post-thumbnail","6":"product_cat-belliard","7":"description-off","9":"first","10":"instock","11":"shipping-taxable","12":"product-type-simple"},"aioseo_notices":[],"_links":{"self":[{"href":"https:\/\/www.carrerivegauche.com\/fr\/wp-json\/wp\/v2\/product\/8143","targetHints":{"allow":["GET"]}}],"collection":[{"href":"https:\/\/www.carrerivegauche.com\/fr\/wp-json\/wp\/v2\/product"}],"about":[{"href":"https:\/\/www.carrerivegauche.com\/fr\/wp-json\/wp\/v2\/types\/product"}],"wp:featuredmedia":[{"embeddable":true,"href":"https:\/\/www.carrerivegauche.com\/fr\/wp-json\/wp\/v2\/media\/8144"}],"wp:attachment":[{"href":"https:\/\/www.carrerivegauche.com\/fr\/wp-json\/wp\/v2\/media?parent=8143"}],"wp:term":[{"taxonomy":"product_brand","embeddable":true,"href":"https:\/\/www.carrerivegauche.com\/fr\/wp-json\/wp\/v2\/product_brand?post=8143"},{"taxonomy":"product_cat","embeddable":true,"href":"https:\/\/www.carrerivegauche.com\/fr\/wp-json\/wp\/v2\/product_cat?post=8143"},{"taxonomy":"product_tag","embeddable":true,"href":"https:\/\/www.carrerivegauche.com\/fr\/wp-json\/wp\/v2\/product_tag?post=8143"}],"curies":[{"name":"wp","href":"https:\/\/api.w.org\/{rel}","templated":true}]}}

Bergère estampillée de Paul-François JEAN

<div class="portfolio-entry" style="padding: 0px; margin: 0px 0px 20px; color: #515151; font-family: Lato,;">
<p style="margin: 0px 0px 10px;">Bergère en hêtre laqué gris à dossier anse de panier, pieds fuselés et cannelés.</p>
<p style="margin: 0px 0px 10px;">Estampillée de Paul-François Jean, reçu maitre en 1784.</p>
<p style="margin: 0px 0px 10px;">Epoque: fin XVIIIème.</p>
<p style="margin: 0px 0px 10px;">Dim : L 65  P 68  H 97</p>
<p style="margin: 0px;">Ref : 2262</p>
</div>
<div class="portfolio-meta" style="color: #515151; font-family: Lato,;">
<div class="portfolio-btn-cont" style="padding: 25px 0px 0px; margin-top: 20px; clear: both;">
<div class="btns-nav" style="float: left;"></div>
</div>
</div>

<div class="portfolio-entry" style="padding: 0px; margin: 0px 0px 20px; color: #515151; font-family: Lato,;">
<p style="margin: 0px 0px 10px;">Bergère en hêtre laqué gris à dossier anse de panier, pieds fuselés et cannelés.</p>
<p style="margin: 0px 0px 10px;">Estampillée de Paul-François Jean, reçu maitre en 1784.</p>
<p style="margin: 0px 0px 10px;">Epoque: fin XVIIIème;</p>
</div>
<div class="portfolio-meta" style="color: #515151; font-family: Lato,;">
<div class="portfolio-btn-cont" style="padding: 25px 0px 0px; margin-top: 20px; clear: both;">
<div class="btns-nav" style="float: left;"></div>
</div>
</div>
