 

{"id":30859,"date":"2025-01-06T08:35:55","date_gmt":"2025-01-06T07:35:55","guid":{"rendered":"https:\/\/www.carrerivegauche.com\/boutique-crg\/portulan-signe-peter-goos-and-johannes-van-keulen-fait-a-amsterdam-entre-1660-et-1680\/"},"modified":"2025-01-06T08:35:55","modified_gmt":"2025-01-06T07:35:55","slug":"portulan-signe-peter-goos-and-johannes-van-keulen-fait-a-amsterdam-entre-1660-et-1680","status":"publish","type":"product","link":"https:\/\/www.carrerivegauche.com\/fr\/boutique-crg\/portulan-signe-peter-goos-and-johannes-van-keulen-fait-a-amsterdam-entre-1660-et-1680\/","title":{"rendered":"Portulan sign\u00e9 Peter Goos and Johannes van Keulen fait \u00e0 Amsterdam entre 1660 et 1680"},"content":{"rendered":"<p><span>Retrouvez davantage d\u2019objets sur notre propre site internet www.galeriedelalande.fr (version fran\u00e7aise) et www.galeriedelalande.com (English version).<\/span><\/p>\n","protected":false},"excerpt":{"rendered":"<p><span style=\"font-weight: bolder\">Portulan imprim\u00e9 et color\u00e9 sur la peau de ch\u00e8vre\u00a0<\/span>sign\u00e9 \u201c<span style=\"font-weight: bolder\">Peter Goos \/Johannes van Keulen<\/span>\u00a0\u201d.<\/p>\n<p>La partie gauche correspondant \u00e0 l&rsquo;Europe et \u00e0 la mer M\u00e9diterran\u00e9e jusqu&rsquo;\u00e0 Turquie, la partie droite \u00e0 la partie bor\u00e9ale du monde, du Canada \u00e0 New Zemble en Russie.<\/p>\n<p><span>Nota<\/span>\u00a0:<\/p>\n<p>&#8211; on ne conna\u00eet qu\u2019un seul autre exemplaire du m\u00eame fabricant qui se trouve dans les collections du Rotterdam Marine Museum (photo sur demande)<\/p>\n<p>&#8211; encadr\u00e9 et sous verre anti UV.<\/p>\n<p><span>R\u00e9f\u00e9rence<\/span>\u00a0: Documentation fournie par M. Sjoerd de Meer, conservateur de la cartographie au Mus\u00e9e Maritiem de Rotterdam : cette carte sur v\u00e9lin d&rsquo;Europe en projection de Mercator est le deuxi\u00e8me \u00e9tat de la carte publi\u00e9e par Pieter Goos, juste apr\u00e8s 1658. Elle a \u00e9t\u00e9 republi\u00e9e, selon G\u00fcnter Schilder, vers 1680.<\/p>\n<p>Dans un atlas de 1688, un publipostage mentionne quatre cartes sur v\u00e9lin qu&rsquo;il a publi\u00e9es, parmi lesquelles celle-ci. Des informations concernant cette carte se trouvent dans le dernier livre de G\u00fcnter Schilder Naviguer \u00e0 travers les oc\u00e9ans du monde : histoire et catalogue de cartes hollandaises imprim\u00e9es sur v\u00e9lin 1580-1725 (Leiden: Brill 2019), p. 749-752.<\/p>\n<p>Reportez \u00e9galement sur la soci\u00e9t\u00e9 Van Keulen au livre suivant qui donne toutes les r\u00e9ponses: Dirk de Vries La cartographie Van Keulen, Amsterdam 1680-1885 (Alphen aan den Rijn: Canaletto 2005).<\/p>\n<p><span>Dimensions<\/span>\u00a0:<\/p>\n<p>&#8211; portulan :\u00a0longueur de 87 cm x hauteur de 70 cm<\/p>\n<p>&#8211; encadrement :\u00a0longueur de 121 cm x hauteur de 100 cm<\/p>\n<p><span style=\"font-weight: bolder\">Amsterdam entre 1660 et 1680.<\/span><\/p>\n<p><br data-mce-bogus=\"1\"><\/p>\n<p><strong>PIECE DE MUSEE.<\/strong><\/p>\n","protected":false},"featured_media":30826,"template":"","meta":[],"product_brand":[],"product_cat":[],"product_tag":[],"class_list":{"0":"post-30859","1":"product","2":"type-product","3":"status-publish","4":"has-post-thumbnail","6":"description-off","8":"first","9":"instock","10":"shipping-taxable","11":"product-type-simple"},"aioseo_notices":[],"_links":{"self":[{"href":"https:\/\/www.carrerivegauche.com\/fr\/wp-json\/wp\/v2\/product\/30859","targetHints":{"allow":["GET"]}}],"collection":[{"href":"https:\/\/www.carrerivegauche.com\/fr\/wp-json\/wp\/v2\/product"}],"about":[{"href":"https:\/\/www.carrerivegauche.com\/fr\/wp-json\/wp\/v2\/types\/product"}],"wp:featuredmedia":[{"embeddable":true,"href":"https:\/\/www.carrerivegauche.com\/fr\/wp-json\/wp\/v2\/media\/30826"}],"wp:attachment":[{"href":"https:\/\/www.carrerivegauche.com\/fr\/wp-json\/wp\/v2\/media?parent=30859"}],"wp:term":[{"taxonomy":"product_brand","embeddable":true,"href":"https:\/\/www.carrerivegauche.com\/fr\/wp-json\/wp\/v2\/product_brand?post=30859"},{"taxonomy":"product_cat","embeddable":true,"href":"https:\/\/www.carrerivegauche.com\/fr\/wp-json\/wp\/v2\/product_cat?post=30859"},{"taxonomy":"product_tag","embeddable":true,"href":"https:\/\/www.carrerivegauche.com\/fr\/wp-json\/wp\/v2\/product_tag?post=30859"}],"curies":[{"name":"wp","href":"https:\/\/api.w.org\/{rel}","templated":true}]}}

Portulan signé Peter Goos and Johannes van Keulen fait à Amsterdam entre 1660 et 1680

<p><span>Retrouvez davantage d’objets sur notre propre site internet www.galeriedelalande.fr (version française) et www.galeriedelalande.com (English version).</span></p>

<p><span style="font-weight: bolder">Portulan imprimé et coloré sur la peau de chèvre </span>signé “<span style="font-weight: bolder">Peter Goos /Johannes van Keulen</span> ”.</p>
<p>La partie gauche correspondant à l&rsquo;Europe et à la mer Méditerranée jusqu&rsquo;à Turquie, la partie droite à la partie boréale du monde, du Canada à New Zemble en Russie.</p>
<p><span>Nota</span> :</p>
<p>&#8211; on ne connaît qu’un seul autre exemplaire du même fabricant qui se trouve dans les collections du Rotterdam Marine Museum (photo sur demande)</p>
<p>&#8211; encadré et sous verre anti UV.</p>
<p><span>Référence</span> : Documentation fournie par M. Sjoerd de Meer, conservateur de la cartographie au Musée Maritiem de Rotterdam : cette carte sur vélin d&rsquo;Europe en projection de Mercator est le deuxième état de la carte publiée par Pieter Goos, juste après 1658. Elle a été republiée, selon Günter Schilder, vers 1680.</p>
<p>Dans un atlas de 1688, un publipostage mentionne quatre cartes sur vélin qu&rsquo;il a publiées, parmi lesquelles celle-ci. Des informations concernant cette carte se trouvent dans le dernier livre de Günter Schilder Naviguer à travers les océans du monde : histoire et catalogue de cartes hollandaises imprimées sur vélin 1580-1725 (Leiden: Brill 2019), p. 749-752.</p>
<p>Reportez également sur la société Van Keulen au livre suivant qui donne toutes les réponses: Dirk de Vries La cartographie Van Keulen, Amsterdam 1680-1885 (Alphen aan den Rijn: Canaletto 2005).</p>
<p><span>Dimensions</span> :</p>
<p>&#8211; portulan : longueur de 87 cm x hauteur de 70 cm</p>
<p>&#8211; encadrement : longueur de 121 cm x hauteur de 100 cm</p>
<p><span style="font-weight: bolder">Amsterdam entre 1660 et 1680.</span></p>
<p><br data-mce-bogus="1"></p>
<p><strong>PIECE DE MUSEE.</strong></p>
