 

{"id":30533,"date":"2025-01-05T11:15:55","date_gmt":"2025-01-05T10:15:55","guid":{"rendered":"https:\/\/www.carrerivegauche.com\/boutique-crg\/canne-depoque-art-nouveau-en-verre-vert-de-la-manufacture-de-loetz\/"},"modified":"2025-01-05T11:55:56","modified_gmt":"2025-01-05T10:55:56","slug":"canne-depoque-art-nouveau-en-verre-vert-de-la-manufacture-de-loetz","status":"publish","type":"product","link":"https:\/\/www.carrerivegauche.com\/fr\/boutique-crg\/canne-depoque-art-nouveau-en-verre-vert-de-la-manufacture-de-loetz\/","title":{"rendered":"Canne d&rsquo;\u00e9poque Art Nouveau en verre vert de la manufacture de Loetz"},"content":{"rendered":"<p>Retrouvez davantage d\u2019objets sur notre propre site internet www.galeriedelalande.fr (version fran\u00e7aise) et www.galeriedelalande.com (English version).<\/p>\n","protected":false},"excerpt":{"rendered":"<p>El\u00e9gante canne de collection avec\u00a0<span style=\"font-weight: bolder\" data-mce-style=\"font-weight: bolder;\">long pommeau en verre de couleur verte<\/span>.<\/p>\n<p>Bague en laiton avec m\u00eame d\u00e9cor de lignes dans la continuit\u00e9 du pommeau.<\/p>\n<p>F\u00fbt en bois vernis et f\u00e9rule en corne.<\/p>\n<p>Travail de\u00a0<span style=\"font-weight: bolder\" data-mce-style=\"font-weight: bolder;\">la manufacture de Loetz<\/span>.<\/p>\n<p><u>Nota<\/u>\u00a0: Au c\u0153ur de l\u2019Europe, en Boh\u00eame, la\u00a0<span style=\"font-weight: bolder\" data-mce-style=\"font-weight: bolder;\">manufacture Loetz<\/span>\u00a0d\u00e9veloppe \u00e0 la fin du XIX\u00e8me si\u00e8cle une production de verreries qui recueille un vif succ\u00e8s. Caract\u00e9ris\u00e9s par des d\u00e9cors de surface iris\u00e9s et par des formes sinueuses inspir\u00e9es de la nature, les vases et les coupes de la verrerie s\u2019inscrivent dans le style Art nouveau autrichien (Jugendstill), qui pr\u00e9domine dans les arts d\u00e9coratifs de l\u2019\u00e9poque. La collaboration avec des marchands-\u00e9diteurs et des artistes viennois, lui vaut plusieurs r\u00e9compenses dans les Expositions Universelles, notamment \u00e0 Paris en 1900.<\/p>\n<p><u>Dimension<\/u>\u00a0: longueur de 94,3 cm.<\/p>\n<p>Autriche \u00e9poque Art Nouveau vers 1900.\u00a0<\/p>\n","protected":false},"featured_media":30524,"template":"","meta":[],"product_brand":[],"product_cat":[],"product_tag":[],"class_list":{"0":"post-30533","1":"product","2":"type-product","3":"status-publish","4":"has-post-thumbnail","6":"description-off","8":"first","9":"instock","10":"shipping-taxable","11":"product-type-simple"},"aioseo_notices":[],"_links":{"self":[{"href":"https:\/\/www.carrerivegauche.com\/fr\/wp-json\/wp\/v2\/product\/30533","targetHints":{"allow":["GET"]}}],"collection":[{"href":"https:\/\/www.carrerivegauche.com\/fr\/wp-json\/wp\/v2\/product"}],"about":[{"href":"https:\/\/www.carrerivegauche.com\/fr\/wp-json\/wp\/v2\/types\/product"}],"wp:featuredmedia":[{"embeddable":true,"href":"https:\/\/www.carrerivegauche.com\/fr\/wp-json\/wp\/v2\/media\/30524"}],"wp:attachment":[{"href":"https:\/\/www.carrerivegauche.com\/fr\/wp-json\/wp\/v2\/media?parent=30533"}],"wp:term":[{"taxonomy":"product_brand","embeddable":true,"href":"https:\/\/www.carrerivegauche.com\/fr\/wp-json\/wp\/v2\/product_brand?post=30533"},{"taxonomy":"product_cat","embeddable":true,"href":"https:\/\/www.carrerivegauche.com\/fr\/wp-json\/wp\/v2\/product_cat?post=30533"},{"taxonomy":"product_tag","embeddable":true,"href":"https:\/\/www.carrerivegauche.com\/fr\/wp-json\/wp\/v2\/product_tag?post=30533"}],"curies":[{"name":"wp","href":"https:\/\/api.w.org\/{rel}","templated":true}]}}

Canne d&rsquo;époque Art Nouveau en verre vert de la manufacture de Loetz

<p>Retrouvez davantage d’objets sur notre propre site internet www.galeriedelalande.fr (version française) et www.galeriedelalande.com (English version).</p>

<p>Elégante canne de collection avec <span style="font-weight: bolder" data-mce-style="font-weight: bolder;">long pommeau en verre de couleur verte</span>.</p>
<p>Bague en laiton avec même décor de lignes dans la continuité du pommeau.</p>
<p>Fût en bois vernis et férule en corne.</p>
<p>Travail de <span style="font-weight: bolder" data-mce-style="font-weight: bolder;">la manufacture de Loetz</span>.</p>
<p><u>Nota</u> : Au cœur de l’Europe, en Bohême, la <span style="font-weight: bolder" data-mce-style="font-weight: bolder;">manufacture Loetz</span> développe à la fin du XIXème siècle une production de verreries qui recueille un vif succès. Caractérisés par des décors de surface irisés et par des formes sinueuses inspirées de la nature, les vases et les coupes de la verrerie s’inscrivent dans le style Art nouveau autrichien (Jugendstill), qui prédomine dans les arts décoratifs de l’époque. La collaboration avec des marchands-éditeurs et des artistes viennois, lui vaut plusieurs récompenses dans les Expositions Universelles, notamment à Paris en 1900.</p>
<p><u>Dimension</u> : longueur de 94,3 cm.</p>
<p>Autriche époque Art Nouveau vers 1900. </p>
