 

{"id":30486,"date":"2025-01-05T11:06:13","date_gmt":"2025-01-05T10:06:13","guid":{"rendered":"https:\/\/www.carrerivegauche.com\/boutique-crg\/tres-grand-compas-a-pointes-seches-datable-vers-1620-1640\/"},"modified":"2025-01-05T11:06:14","modified_gmt":"2025-01-05T10:06:14","slug":"tres-grand-compas-a-pointes-seches-datable-vers-1620-1640","status":"publish","type":"product","link":"https:\/\/www.carrerivegauche.com\/fr\/boutique-crg\/tres-grand-compas-a-pointes-seches-datable-vers-1620-1640\/","title":{"rendered":"Tr\u00e8s grand compas \u00e0 pointes s\u00e8ches datable vers 1620\/1640"},"content":{"rendered":"<p><span>Retrouvez davantage d\u2019objets sur notre propre site internet www.galeriedelalande.fr (version fran\u00e7aise) et www.galeriedelalande.com (English version).<\/span><\/p>\n","protected":false},"excerpt":{"rendered":"<p><span style=\"font-weight: bolder\">Tr\u00e8s grand compas \u00e0 pointes s\u00e8ches<\/span>\u00a0en laiton et acier, mod\u00e8le dit \u00ab\u00a0<span style=\"font-weight: bolder\">\u00e0 t\u00eate boule<\/span>\u00a0\u00bb.<\/p>\n<p><span>Nota<\/span>\u00a0:<\/p>\n<p>&#8211; la forme de cet instrument est typique des objets flamands du d\u00e9but du 17<span style=\"position: relative;font-size: 0.75em;line-height: 0;vertical-align: baseline;top: -0.5em\">\u00e8me<\/span>\u00a0si\u00e8cle<\/p>\n<p>&#8211; les compas de cette grande taille sont tr\u00e8s rares sur le march\u00e9 international<\/p>\n<p><span>Dimensions<\/span>\u00a0: longueur de 39,5 cm x diam\u00e8tre de 2,6 cm.<\/p>\n<p>Flandres datable de la premi\u00e8re moiti\u00e9 du 17<span style=\"position: relative;font-size: 0.75em;line-height: 0;vertical-align: baseline;top: -0.5em\">\u00e8me<\/span>\u00a0si\u00e8cle.<\/p>\n","protected":false},"featured_media":30465,"template":"","meta":[],"product_brand":[],"product_cat":[],"product_tag":[],"class_list":{"0":"post-30486","1":"product","2":"type-product","3":"status-publish","4":"has-post-thumbnail","6":"description-off","8":"first","9":"instock","10":"shipping-taxable","11":"product-type-simple"},"aioseo_notices":[],"_links":{"self":[{"href":"https:\/\/www.carrerivegauche.com\/fr\/wp-json\/wp\/v2\/product\/30486","targetHints":{"allow":["GET"]}}],"collection":[{"href":"https:\/\/www.carrerivegauche.com\/fr\/wp-json\/wp\/v2\/product"}],"about":[{"href":"https:\/\/www.carrerivegauche.com\/fr\/wp-json\/wp\/v2\/types\/product"}],"wp:featuredmedia":[{"embeddable":true,"href":"https:\/\/www.carrerivegauche.com\/fr\/wp-json\/wp\/v2\/media\/30465"}],"wp:attachment":[{"href":"https:\/\/www.carrerivegauche.com\/fr\/wp-json\/wp\/v2\/media?parent=30486"}],"wp:term":[{"taxonomy":"product_brand","embeddable":true,"href":"https:\/\/www.carrerivegauche.com\/fr\/wp-json\/wp\/v2\/product_brand?post=30486"},{"taxonomy":"product_cat","embeddable":true,"href":"https:\/\/www.carrerivegauche.com\/fr\/wp-json\/wp\/v2\/product_cat?post=30486"},{"taxonomy":"product_tag","embeddable":true,"href":"https:\/\/www.carrerivegauche.com\/fr\/wp-json\/wp\/v2\/product_tag?post=30486"}],"curies":[{"name":"wp","href":"https:\/\/api.w.org\/{rel}","templated":true}]}}

Très grand compas à pointes sèches datable vers 1620/1640

<p><span>Retrouvez davantage d’objets sur notre propre site internet www.galeriedelalande.fr (version française) et www.galeriedelalande.com (English version).</span></p>

<p><span style="font-weight: bolder">Très grand compas à pointes sèches</span> en laiton et acier, modèle dit « <span style="font-weight: bolder">à tête boule</span> ».</p>
<p><span>Nota</span> :</p>
<p>&#8211; la forme de cet instrument est typique des objets flamands du début du 17<span style="position: relative;font-size: 0.75em;line-height: 0;vertical-align: baseline;top: -0.5em">ème</span> siècle</p>
<p>&#8211; les compas de cette grande taille sont très rares sur le marché international</p>
<p><span>Dimensions</span> : longueur de 39,5 cm x diamètre de 2,6 cm.</p>
<p>Flandres datable de la première moitié du 17<span style="position: relative;font-size: 0.75em;line-height: 0;vertical-align: baseline;top: -0.5em">ème</span> siècle.</p>
