 

{"id":29893,"date":"2024-12-22T21:24:32","date_gmt":"2024-12-22T20:24:32","guid":{"rendered":"https:\/\/www.carrerivegauche.com\/boutique-crg\/memento-mori-en-ivoire-sculpte-bi-face-concu-en-allemagne-au-17eme-siecle\/"},"modified":"2024-12-22T21:41:59","modified_gmt":"2024-12-22T20:41:59","slug":"memento-mori-en-ivoire-sculpte-bi-face-concu-en-allemagne-au-17eme-siecle","status":"publish","type":"product","link":"https:\/\/www.carrerivegauche.com\/fr\/boutique-crg\/memento-mori-en-ivoire-sculpte-bi-face-concu-en-allemagne-au-17eme-siecle\/","title":{"rendered":"Memento Mori en ivoire sculpt\u00e9 bi face con\u00e7u en Allemagne au 17\u00e8me si\u00e8cle"},"content":{"rendered":"<p>Retrouvez davantage d&rsquo;objets sur notre propre site internet www.galeriedelalande.fr (version fran\u00e7aise) et www.galeriedelalande.com (English version).<\/p>\n","protected":false},"excerpt":{"rendered":"<p><span style=\"font-weight: bolder\" data-mce-style=\"font-weight: bolder;\">Rare Memento Mori<\/span>\u00a0<span style=\"font-weight: bolder\" data-mce-style=\"font-weight: bolder;\">en ivoire sculpt\u00e9 biface\u00a0<\/span>avec d\u2019un c\u00f4t\u00e9 le visage d\u2019un homme aux cheveux longs (le\u00a0<span style=\"font-weight: bolder\" data-mce-style=\"font-weight: bolder;\">Christ<\/span>) et de l\u2019autre un cr\u00e2ne la bouche ouverte.<\/p>\n<p>Belle patine agr\u00e9able au toucher.<\/p>\n<p><u>Dimensions<\/u>\u00a0: hauteur de 4,4 cm x profondeur de 3,7 cm.<\/p>\n<p><span style=\"font-weight: bolder\" data-mce-style=\"font-weight: bolder;\">Allemagne datable du XVII<span style=\"position: relative;font-size: 0.75em;line-height: 0;vertical-align: baseline;top: -0.5em\" data-mce-style=\"position: relative; font-size: 0.75em; line-height: 0; vertical-align: baseline; top: -0.5em;\">\u00e8me<\/span>\u00a0si\u00e8cle.\u00a0<\/span><\/p>\n","protected":false},"featured_media":29881,"template":"","meta":[],"product_brand":[],"product_cat":[],"product_tag":[],"class_list":{"0":"post-29893","1":"product","2":"type-product","3":"status-publish","4":"has-post-thumbnail","6":"description-off","8":"first","9":"instock","10":"shipping-taxable","11":"product-type-simple"},"aioseo_notices":[],"_links":{"self":[{"href":"https:\/\/www.carrerivegauche.com\/fr\/wp-json\/wp\/v2\/product\/29893","targetHints":{"allow":["GET"]}}],"collection":[{"href":"https:\/\/www.carrerivegauche.com\/fr\/wp-json\/wp\/v2\/product"}],"about":[{"href":"https:\/\/www.carrerivegauche.com\/fr\/wp-json\/wp\/v2\/types\/product"}],"wp:featuredmedia":[{"embeddable":true,"href":"https:\/\/www.carrerivegauche.com\/fr\/wp-json\/wp\/v2\/media\/29881"}],"wp:attachment":[{"href":"https:\/\/www.carrerivegauche.com\/fr\/wp-json\/wp\/v2\/media?parent=29893"}],"wp:term":[{"taxonomy":"product_brand","embeddable":true,"href":"https:\/\/www.carrerivegauche.com\/fr\/wp-json\/wp\/v2\/product_brand?post=29893"},{"taxonomy":"product_cat","embeddable":true,"href":"https:\/\/www.carrerivegauche.com\/fr\/wp-json\/wp\/v2\/product_cat?post=29893"},{"taxonomy":"product_tag","embeddable":true,"href":"https:\/\/www.carrerivegauche.com\/fr\/wp-json\/wp\/v2\/product_tag?post=29893"}],"curies":[{"name":"wp","href":"https:\/\/api.w.org\/{rel}","templated":true}]}}

Memento Mori en ivoire sculpté bi face conçu en Allemagne au 17ème siècle

<p>Retrouvez davantage d&rsquo;objets sur notre propre site internet www.galeriedelalande.fr (version française) et www.galeriedelalande.com (English version).</p>

<p><span style="font-weight: bolder" data-mce-style="font-weight: bolder;">Rare Memento Mori</span> <span style="font-weight: bolder" data-mce-style="font-weight: bolder;">en ivoire sculpté biface </span>avec d’un côté le visage d’un homme aux cheveux longs (le <span style="font-weight: bolder" data-mce-style="font-weight: bolder;">Christ</span>) et de l’autre un crâne la bouche ouverte.</p>
<p>Belle patine agréable au toucher.</p>
<p><u>Dimensions</u> : hauteur de 4,4 cm x profondeur de 3,7 cm.</p>
<p><span style="font-weight: bolder" data-mce-style="font-weight: bolder;">Allemagne datable du XVII<span style="position: relative;font-size: 0.75em;line-height: 0;vertical-align: baseline;top: -0.5em" data-mce-style="position: relative; font-size: 0.75em; line-height: 0; vertical-align: baseline; top: -0.5em;">ème</span> siècle. </span></p>
