 

{"id":17127,"date":"2023-01-10T16:56:03","date_gmt":"2023-01-10T15:56:03","guid":{"rendered":"https:\/\/www.carrerivegauche.com\/boutique-crg\/canape-brise-depoque-louis-xv-attribue-a-etienne-meunier\/"},"modified":"2023-02-21T18:15:44","modified_gmt":"2023-02-21T17:15:44","slug":"canape-brise-depoque-louis-xv-attribue-a-etienne-meunier","status":"publish","type":"product","link":"https:\/\/www.carrerivegauche.com\/fr\/boutique-crg\/canape-brise-depoque-louis-xv-attribue-a-etienne-meunier\/","title":{"rendered":"Canap\u00e9 Bris\u00e9 d&rsquo;\u00e9poque Louis XV Attribu\u00e9 \u00e0 Etienne Meunier"},"content":{"rendered":"<p>Canap\u00e9 bris\u00e9 en trois parties, Louis XV.<\/p>\n<p><\/p>\n<p>D\u00e9cor peint rechampi blanc et or.<\/p>\n<p>La particularit\u00e9 de ce canap\u00e9 qui se brise en 3 parties peut \u00eatre attribu\u00e9e \u00e0 Etienne Meunier, avant 1770.<\/p>\n<p><br data-mce-bogus=\"1\"><\/p>\n<p>Dimensions totales : Longueur 193 cm ; Hauteur 93 cm ; Profondeur 60 cm.<\/p>\n<p>Fauteuil central : Longueur 70 cm, Fauteuils d&rsquo;angle : Profondeur 65 cm.<\/p>\n<p><br data-mce-bogus=\"1\"><\/p>\n<p><br data-mce-bogus=\"1\"><\/p>\n<p>Sofa broken in three parts, Louis XV.<\/p>\n<p>Decor painted with white and gold accents.<\/p>\n<p>The particularity of this sofa which breaks into 3 parts can be attributed to Etienne Meunier, before 1770.<\/p>\n<p>Total dimensions: Length 193 cm; Height 93cm; Depth 60cm.<\/p>\n<p>Central armchair: Length 70 cm, Corner armchairs: Depth 65 cm.<\/p>\n<p><br data-mce-bogus=\"1\"><\/p>\n","protected":false},"excerpt":{"rendered":"<p><\/p>\n<p>Canap\u00e9 bris\u00e9 en trois parties, Louis XV.<\/p>\n<p><\/p>\n<p>D\u00e9cor peint rechampi blanc et or.<\/p>\n<p><\/p>\n<p><\/p>\n<p>La particularit\u00e9 de ce canap\u00e9 qui se brise en 3 parties peut \u00eatre attribu\u00e9e \u00e0 Etienne Meunier, avant 1770.<\/p>\n<p><\/p>\n<p><\/p>\n<p>Dimensions totales : Longueur 193 cm ; Hauteur 93 cm ; Profondeur 60 cm.<\/p>\n<p><\/p>\n<p>Fauteuil central : Longueur 70 cm, Fauteuils d&rsquo;angle : Profondeur 65 cm.<\/p>\n","protected":false},"featured_media":17124,"template":"","meta":[],"product_brand":[],"product_cat":[268],"product_tag":[],"class_list":{"0":"post-17127","1":"product","2":"type-product","3":"status-publish","4":"has-post-thumbnail","6":"product_cat-linossier","7":"description-off","9":"first","10":"instock","11":"shipping-taxable","12":"product-type-simple"},"aioseo_notices":[],"_links":{"self":[{"href":"https:\/\/www.carrerivegauche.com\/fr\/wp-json\/wp\/v2\/product\/17127","targetHints":{"allow":["GET"]}}],"collection":[{"href":"https:\/\/www.carrerivegauche.com\/fr\/wp-json\/wp\/v2\/product"}],"about":[{"href":"https:\/\/www.carrerivegauche.com\/fr\/wp-json\/wp\/v2\/types\/product"}],"wp:featuredmedia":[{"embeddable":true,"href":"https:\/\/www.carrerivegauche.com\/fr\/wp-json\/wp\/v2\/media\/17124"}],"wp:attachment":[{"href":"https:\/\/www.carrerivegauche.com\/fr\/wp-json\/wp\/v2\/media?parent=17127"}],"wp:term":[{"taxonomy":"product_brand","embeddable":true,"href":"https:\/\/www.carrerivegauche.com\/fr\/wp-json\/wp\/v2\/product_brand?post=17127"},{"taxonomy":"product_cat","embeddable":true,"href":"https:\/\/www.carrerivegauche.com\/fr\/wp-json\/wp\/v2\/product_cat?post=17127"},{"taxonomy":"product_tag","embeddable":true,"href":"https:\/\/www.carrerivegauche.com\/fr\/wp-json\/wp\/v2\/product_tag?post=17127"}],"curies":[{"name":"wp","href":"https:\/\/api.w.org\/{rel}","templated":true}]}}

Canapé Brisé d&rsquo;époque Louis XV Attribué à Etienne Meunier

<p>Canapé brisé en trois parties, Louis XV.</p>
<p></p>
<p>Décor peint rechampi blanc et or.</p>
<p>La particularité de ce canapé qui se brise en 3 parties peut être attribuée à Etienne Meunier, avant 1770.</p>
<p><br data-mce-bogus="1"></p>
<p>Dimensions totales : Longueur 193 cm ; Hauteur 93 cm ; Profondeur 60 cm.</p>
<p>Fauteuil central : Longueur 70 cm, Fauteuils d&rsquo;angle : Profondeur 65 cm.</p>
<p><br data-mce-bogus="1"></p>
<p><br data-mce-bogus="1"></p>
<p>Sofa broken in three parts, Louis XV.</p>
<p>Decor painted with white and gold accents.</p>
<p>The particularity of this sofa which breaks into 3 parts can be attributed to Etienne Meunier, before 1770.</p>
<p>Total dimensions: Length 193 cm; Height 93cm; Depth 60cm.</p>
<p>Central armchair: Length 70 cm, Corner armchairs: Depth 65 cm.</p>
<p><br data-mce-bogus="1"></p>

<p></p>
<p>Canapé brisé en trois parties, Louis XV.</p>
<p></p>
<p>Décor peint rechampi blanc et or.</p>
<p></p>
<p></p>
<p>La particularité de ce canapé qui se brise en 3 parties peut être attribuée à Etienne Meunier, avant 1770.</p>
<p></p>
<p></p>
<p>Dimensions totales : Longueur 193 cm ; Hauteur 93 cm ; Profondeur 60 cm.</p>
<p></p>
<p>Fauteuil central : Longueur 70 cm, Fauteuils d&rsquo;angle : Profondeur 65 cm.</p>
