 

{"id":16885,"date":"2022-11-29T17:26:44","date_gmt":"2022-11-29T16:26:44","guid":{"rendered":"https:\/\/www.carrerivegauche.com\/boutique-crg\/grand-cabinet-attribue-a-thomas-hache\/"},"modified":"2022-12-03T11:26:44","modified_gmt":"2022-12-03T10:26:44","slug":"grand-cabinet-attribue-a-thomas-hache","status":"publish","type":"product","link":"https:\/\/www.carrerivegauche.com\/fr\/boutique-crg\/grand-cabinet-attribue-a-thomas-hache\/","title":{"rendered":"Grand Cabinet attribu\u00e9 \u00e0 Thomas Hache"},"content":{"rendered":"<p><span data-mce-style=\"font-family: 'Times New Roman', serif;\"><span data-mce-style=\"font-size: medium;\" style=\"font-size: medium\">Il ouvre par deux grandes portes marquet\u00e9es \u00e0 motifs g\u00e9om\u00e9triques en ronce de noyer et filet de buis.<\/span><\/span><\/p>\n<p><span data-mce-style=\"font-family: 'Times New Roman', serif;\"><span data-mce-style=\"font-size: medium;\" style=\"font-size: medium\">Il laisse d\u00e9couvrir 12 tiroirs et deux portes marquet\u00e9es d&rsquo;os qui pr\u00e9sentent une perspective marquete\u0301e de cubes en trompe l&rsquo;oeil, damier, rose des vents, motifs ge\u0301ome\u0301triques, miroirs et d&rsquo;un cha\u0302teau peint sur un panneau.<\/span><\/span><\/p>\n<p><span data-mce-style=\"font-family: 'Times New Roman', serif;\"><span data-mce-style=\"font-size: medium;\" style=\"font-size: medium\">Il repose sur son pi\u00e9tement d&rsquo;origine marquet\u00e9 d&rsquo;os et d&rsquo;\u00e9b\u00e8ne qui ouvre par deux tiroirs en loupe de noyer et de filets de buis.<\/span><\/span><\/p>\n<p><span data-mce-style=\"font-family: 'Times New Roman', serif;\"><span data-mce-style=\"font-size: medium;\" style=\"font-size: medium\">Son pi\u00e9tement torsad\u00e9 en noyer et bois teint\u00e9 noir est reli\u00e9 par une tablette d&rsquo;entrejambe en placage de noyer et de filet de buis et repose sur 8 pieds boule.<\/span><\/span><\/p>\n<p><span data-mce-style=\"font-family: 'Times New Roman', serif;\"><span data-mce-style=\"font-size: medium;\" style=\"font-size: medium\">Le montage int\u00e9rieur des tiroirs en sapin, l&rsquo;aspect g\u00e9n\u00e9ral, g\u00e9om\u00e9trique et les bois employ\u00e9s sont \u00e0 rapproch\u00e9 du travail de Thomas Hache (28 novembre 1664- 13 mai 1747)<\/span><\/span><\/p>\n<p><span data-mce-style=\"font-family: 'Times New Roman', serif;\"><span data-mce-style=\"font-size: medium;\" style=\"font-size: medium\">Travail de la fin du XVII\u00e8me<\/span><\/span><\/p>\n<p><span data-mce-style=\"font-family: 'Times New Roman', serif;\"><span data-mce-style=\"font-size: medium;\" style=\"font-size: medium\">Dimensions :<\/span><\/span><\/p>\n<p><span data-mce-style=\"font-family: 'Times New Roman', serif;\"><span data-mce-style=\"font-size: medium;\" style=\"font-size: medium\">190cm H x 145 cm L x 58 cm P<\/span><\/span><\/p>\n","protected":false},"excerpt":{"rendered":"<p><span>deux grandes portes marquet\u00e9es \u00e0 motifs g\u00e9om\u00e9triques en ronce de noyer et filet de buis.<\/span><br data-mce-bogus=\"1\"><\/p>\n<p><span>12 tiroirs et deux portes marquet\u00e9es d&rsquo;os qui pr\u00e9sentent une perspective marquete\u0301e de cubes en trompe l&rsquo;oeil, damier, rose des vents, motifs ge\u0301ome\u0301triques, miroirs et d&rsquo;un cha\u0302teau peint sur un panneau.<\/span><br data-mce-bogus=\"1\"><\/p>\n<p><br data-mce-bogus=\"1\"><\/p>\n<p>Pi\u00e9tement d&rsquo;origine torsad\u00e9 en noyer et bois teint\u00e9 noir.<\/p>\n<p><br data-mce-bogus=\"1\"><\/p>\n<p>Travail fin XVIIe\u00a0<\/p>\n","protected":false},"featured_media":16882,"template":"","meta":[],"product_brand":[],"product_cat":[268],"product_tag":[],"class_list":{"0":"post-16885","1":"product","2":"type-product","3":"status-publish","4":"has-post-thumbnail","6":"product_cat-linossier","7":"description-off","9":"first","10":"instock","11":"shipping-taxable","12":"product-type-simple"},"aioseo_notices":[],"_links":{"self":[{"href":"https:\/\/www.carrerivegauche.com\/fr\/wp-json\/wp\/v2\/product\/16885","targetHints":{"allow":["GET"]}}],"collection":[{"href":"https:\/\/www.carrerivegauche.com\/fr\/wp-json\/wp\/v2\/product"}],"about":[{"href":"https:\/\/www.carrerivegauche.com\/fr\/wp-json\/wp\/v2\/types\/product"}],"wp:featuredmedia":[{"embeddable":true,"href":"https:\/\/www.carrerivegauche.com\/fr\/wp-json\/wp\/v2\/media\/16882"}],"wp:attachment":[{"href":"https:\/\/www.carrerivegauche.com\/fr\/wp-json\/wp\/v2\/media?parent=16885"}],"wp:term":[{"taxonomy":"product_brand","embeddable":true,"href":"https:\/\/www.carrerivegauche.com\/fr\/wp-json\/wp\/v2\/product_brand?post=16885"},{"taxonomy":"product_cat","embeddable":true,"href":"https:\/\/www.carrerivegauche.com\/fr\/wp-json\/wp\/v2\/product_cat?post=16885"},{"taxonomy":"product_tag","embeddable":true,"href":"https:\/\/www.carrerivegauche.com\/fr\/wp-json\/wp\/v2\/product_tag?post=16885"}],"curies":[{"name":"wp","href":"https:\/\/api.w.org\/{rel}","templated":true}]}}

Grand Cabinet attribué à Thomas Hache

<p><span data-mce-style="font-family: 'Times New Roman', serif;"><span data-mce-style="font-size: medium;" style="font-size: medium">Il ouvre par deux grandes portes marquetées à motifs géométriques en ronce de noyer et filet de buis.</span></span></p>
<p><span data-mce-style="font-family: 'Times New Roman', serif;"><span data-mce-style="font-size: medium;" style="font-size: medium">Il laisse découvrir 12 tiroirs et deux portes marquetées d&rsquo;os qui présentent une perspective marquetée de cubes en trompe l&rsquo;oeil, damier, rose des vents, motifs géométriques, miroirs et d&rsquo;un château peint sur un panneau.</span></span></p>
<p><span data-mce-style="font-family: 'Times New Roman', serif;"><span data-mce-style="font-size: medium;" style="font-size: medium">Il repose sur son piétement d&rsquo;origine marqueté d&rsquo;os et d&rsquo;ébène qui ouvre par deux tiroirs en loupe de noyer et de filets de buis.</span></span></p>
<p><span data-mce-style="font-family: 'Times New Roman', serif;"><span data-mce-style="font-size: medium;" style="font-size: medium">Son piétement torsadé en noyer et bois teinté noir est relié par une tablette d&rsquo;entrejambe en placage de noyer et de filet de buis et repose sur 8 pieds boule.</span></span></p>
<p><span data-mce-style="font-family: 'Times New Roman', serif;"><span data-mce-style="font-size: medium;" style="font-size: medium">Le montage intérieur des tiroirs en sapin, l&rsquo;aspect général, géométrique et les bois employés sont à rapproché du travail de Thomas Hache (28 novembre 1664- 13 mai 1747)</span></span></p>
<p><span data-mce-style="font-family: 'Times New Roman', serif;"><span data-mce-style="font-size: medium;" style="font-size: medium">Travail de la fin du XVIIème</span></span></p>
<p><span data-mce-style="font-family: 'Times New Roman', serif;"><span data-mce-style="font-size: medium;" style="font-size: medium">Dimensions :</span></span></p>
<p><span data-mce-style="font-family: 'Times New Roman', serif;"><span data-mce-style="font-size: medium;" style="font-size: medium">190cm H x 145 cm L x 58 cm P</span></span></p>

<p><span>deux grandes portes marquetées à motifs géométriques en ronce de noyer et filet de buis.</span><br data-mce-bogus="1"></p>
<p><span>12 tiroirs et deux portes marquetées d&rsquo;os qui présentent une perspective marquetée de cubes en trompe l&rsquo;oeil, damier, rose des vents, motifs géométriques, miroirs et d&rsquo;un château peint sur un panneau.</span><br data-mce-bogus="1"></p>
<p><br data-mce-bogus="1"></p>
<p>Piétement d&rsquo;origine torsadé en noyer et bois teinté noir.</p>
<p><br data-mce-bogus="1"></p>
<p>Travail fin XVIIe </p>
