 

{"id":10368,"date":"2021-05-20T15:30:27","date_gmt":"2021-05-20T13:30:27","guid":{"rendered":"https:\/\/www.carrerivegauche.com\/boutique-crg\/fauteuil-en-hetre\/"},"modified":"2021-05-28T12:07:29","modified_gmt":"2021-05-28T10:07:29","slug":"fauteuil-en-hetre","status":"publish","type":"product","link":"https:\/\/www.carrerivegauche.com\/fr\/boutique-crg\/fauteuil-en-hetre\/","title":{"rendered":"Fauteuil en h\u00eatre"},"content":{"rendered":"<p style=\"margin: 0px 0px 10px; color: rgb(81, 81, 81); font-family: Lato, \"Helvetica Neue\", Helvetica, Arial, sans-serif; font-size: 14px;\">Fauteuil en h\u00eatre \u00e0 dossier plat et mouvement\u00e9. Pieds cambr\u00e9s. Ornementation de coquilles, rinceaux, descente de bras en coup de fouet. Il est recouvert d\u2019une tapisserie XVIII\u00e8me \u00e0 motifs floraux.<\/p>\n<p style=\"margin: 0px 0px 10px; color: rgb(81, 81, 81); font-family: Lato, \"Helvetica Neue\", Helvetica, Arial, sans-serif; font-size: 14px;\">Fin de l\u2019\u00e9poque R\u00e9gence.<\/p>\n<p style=\"margin: 0px; color: rgb(81, 81, 81); font-family: Lato, \"Helvetica Neue\", Helvetica, Arial, sans-serif; font-size: 14px;\">H\u00a0: 105 cm<br \/>L\u00a0: 70 cm<br \/>P : 60 cm<\/p>\n","protected":false},"excerpt":{"rendered":"<p style=\"margin: 0px 0px 10px; color: rgb(81, 81, 81); font-family: Lato, \"Helvetica Neue\", Helvetica, Arial, sans-serif; font-size: 14px;\">Fauteuil en h\u00eatre \u00e0 dossier plat et mouvement\u00e9. Pieds cambr\u00e9s. Ornementation de coquilles, rinceaux, descente de bras en coup de fouet. Il est recouvert d\u2019une tapisserie XVIII\u00e8me \u00e0 motifs floraux.<\/p>\n<p style=\"margin: 0px 0px 10px; color: rgb(81, 81, 81); font-family: Lato, \"Helvetica Neue\", Helvetica, Arial, sans-serif; font-size: 14px;\">Fin de l\u2019\u00e9poque R\u00e9gence.<\/p>\n","protected":false},"featured_media":10322,"template":"","meta":[],"product_brand":[],"product_cat":[248],"product_tag":[],"class_list":{"0":"post-10368","1":"product","2":"type-product","3":"status-publish","4":"has-post-thumbnail","6":"product_cat-belliard","7":"description-off","9":"first","10":"instock","11":"shipping-taxable","12":"product-type-simple"},"aioseo_notices":[],"_links":{"self":[{"href":"https:\/\/www.carrerivegauche.com\/fr\/wp-json\/wp\/v2\/product\/10368","targetHints":{"allow":["GET"]}}],"collection":[{"href":"https:\/\/www.carrerivegauche.com\/fr\/wp-json\/wp\/v2\/product"}],"about":[{"href":"https:\/\/www.carrerivegauche.com\/fr\/wp-json\/wp\/v2\/types\/product"}],"wp:featuredmedia":[{"embeddable":true,"href":"https:\/\/www.carrerivegauche.com\/fr\/wp-json\/wp\/v2\/media\/10322"}],"wp:attachment":[{"href":"https:\/\/www.carrerivegauche.com\/fr\/wp-json\/wp\/v2\/media?parent=10368"}],"wp:term":[{"taxonomy":"product_brand","embeddable":true,"href":"https:\/\/www.carrerivegauche.com\/fr\/wp-json\/wp\/v2\/product_brand?post=10368"},{"taxonomy":"product_cat","embeddable":true,"href":"https:\/\/www.carrerivegauche.com\/fr\/wp-json\/wp\/v2\/product_cat?post=10368"},{"taxonomy":"product_tag","embeddable":true,"href":"https:\/\/www.carrerivegauche.com\/fr\/wp-json\/wp\/v2\/product_tag?post=10368"}],"curies":[{"name":"wp","href":"https:\/\/api.w.org\/{rel}","templated":true}]}}

Fauteuil en hêtre

<p style="margin: 0px 0px 10px; color: rgb(81, 81, 81); font-family: Lato, "Helvetica Neue", Helvetica, Arial, sans-serif; font-size: 14px;">Fauteuil en hêtre à dossier plat et mouvementé. Pieds cambrés. Ornementation de coquilles, rinceaux, descente de bras en coup de fouet. Il est recouvert d’une tapisserie XVIIIème à motifs floraux.</p>
<p style="margin: 0px 0px 10px; color: rgb(81, 81, 81); font-family: Lato, "Helvetica Neue", Helvetica, Arial, sans-serif; font-size: 14px;">Fin de l’époque Régence.</p>
<p style="margin: 0px; color: rgb(81, 81, 81); font-family: Lato, "Helvetica Neue", Helvetica, Arial, sans-serif; font-size: 14px;">H : 105 cm<br />L : 70 cm<br />P : 60 cm</p>

<p style="margin: 0px 0px 10px; color: rgb(81, 81, 81); font-family: Lato, "Helvetica Neue", Helvetica, Arial, sans-serif; font-size: 14px;">Fauteuil en hêtre à dossier plat et mouvementé. Pieds cambrés. Ornementation de coquilles, rinceaux, descente de bras en coup de fouet. Il est recouvert d’une tapisserie XVIIIème à motifs floraux.</p>
<p style="margin: 0px 0px 10px; color: rgb(81, 81, 81); font-family: Lato, "Helvetica Neue", Helvetica, Arial, sans-serif; font-size: 14px;">Fin de l’époque Régence.</p>
