 

{"id":30882,"date":"2025-01-06T09:37:53","date_gmt":"2025-01-06T08:37:53","guid":{"rendered":"https:\/\/www.carrerivegauche.com\/wp-content\/uploads\/2025\/01\/Calendrier-perpetuel-allemand-ecrin-SAS112a-01.jpg"},"modified":"2025-01-06T09:40:09","modified_gmt":"2025-01-06T08:40:09","slug":"calendrier-perpetuel-allemand-ecrin-sas112a-01","status":"inherit","type":"attachment","link":"https:\/\/www.carrerivegauche.com\/fr\/calendrier-perpetuel-allemand-ecrin-sas112a-01\/","title":{"rendered":"Calendrier-perpetuel-allemand-ecrin-SAS112a-01"},"author":88,"featured_media":0,"comment_status":"closed","ping_status":"closed","template":"","meta":[],"class_list":["post-30882","attachment","type-attachment","status-inherit","hentry","description-off"],"aioseo_notices":[],"description":{"rendered":"<p class=\"attachment\"><a href='https:\/\/www.carrerivegauche.com\/wp-content\/uploads\/2025\/01\/Calendrier-perpetuel-allemand-ecrin-SAS112a-01-scaled.jpg'><img loading=\"lazy\" decoding=\"async\" width=\"300\" height=\"256\" src=\"https:\/\/www.carrerivegauche.com\/wp-content\/uploads\/2025\/01\/Calendrier-perpetuel-allemand-ecrin-SAS112a-01-300x256.jpg\" class=\"attachment-medium size-medium\" alt=\"\" srcset=\"https:\/\/www.carrerivegauche.com\/wp-content\/uploads\/2025\/01\/Calendrier-perpetuel-allemand-ecrin-SAS112a-01-300x256.jpg 300w, https:\/\/www.carrerivegauche.com\/wp-content\/uploads\/2025\/01\/Calendrier-perpetuel-allemand-ecrin-SAS112a-01-1024x874.jpg 1024w, https:\/\/www.carrerivegauche.com\/wp-content\/uploads\/2025\/01\/Calendrier-perpetuel-allemand-ecrin-SAS112a-01-768x655.jpg 768w, https:\/\/www.carrerivegauche.com\/wp-content\/uploads\/2025\/01\/Calendrier-perpetuel-allemand-ecrin-SAS112a-01-1536x1310.jpg 1536w, https:\/\/www.carrerivegauche.com\/wp-content\/uploads\/2025\/01\/Calendrier-perpetuel-allemand-ecrin-SAS112a-01-2048x1747.jpg 2048w, https:\/\/www.carrerivegauche.com\/wp-content\/uploads\/2025\/01\/Calendrier-perpetuel-allemand-ecrin-SAS112a-01-600x512.jpg 600w\" sizes=\"auto, (max-width: 300px) 100vw, 300px\" \/><\/a><\/p>\n"},"caption":{"rendered":"<p>Calendrier perp\u00e9tuel non sign\u00e9 con\u00e7u en Allemagne au XVIIIe si\u00e8cle.<\/p>\n"},"alt_text":"","media_type":"image","mime_type":"image\/jpeg","media_details":{"width":2560,"height":2184,"file":"2025\/01\/Calendrier-perpetuel-allemand-ecrin-SAS112a-01-scaled.jpg","filesize":904100,"sizes":{"medium":{"file":"Calendrier-perpetuel-allemand-ecrin-SAS112a-01-300x256.jpg","width":300,"height":256,"filesize":19803,"mime_type":"image\/jpeg","source_url":"https:\/\/www.carrerivegauche.com\/wp-content\/uploads\/2025\/01\/Calendrier-perpetuel-allemand-ecrin-SAS112a-01-300x256.jpg"},"large":{"file":"Calendrier-perpetuel-allemand-ecrin-SAS112a-01-1024x874.jpg","width":1024,"height":874,"filesize":181261,"mime_type":"image\/jpeg","source_url":"https:\/\/www.carrerivegauche.com\/wp-content\/uploads\/2025\/01\/Calendrier-perpetuel-allemand-ecrin-SAS112a-01-1024x874.jpg"},"thumbnail":{"file":"Calendrier-perpetuel-allemand-ecrin-SAS112a-01-150x150.jpg","width":150,"height":150,"filesize":8586,"mime_type":"image\/jpeg","source_url":"https:\/\/www.carrerivegauche.com\/wp-content\/uploads\/2025\/01\/Calendrier-perpetuel-allemand-ecrin-SAS112a-01-150x150.jpg"},"medium_large":{"file":"Calendrier-perpetuel-allemand-ecrin-SAS112a-01-768x655.jpg","width":768,"height":655,"filesize":106621,"mime_type":"image\/jpeg","source_url":"https:\/\/www.carrerivegauche.com\/wp-content\/uploads\/2025\/01\/Calendrier-perpetuel-allemand-ecrin-SAS112a-01-768x655.jpg"},"1536x1536":{"file":"Calendrier-perpetuel-allemand-ecrin-SAS112a-01-1536x1310.jpg","width":1536,"height":1310,"filesize":376913,"mime_type":"image\/jpeg","source_url":"https:\/\/www.carrerivegauche.com\/wp-content\/uploads\/2025\/01\/Calendrier-perpetuel-allemand-ecrin-SAS112a-01-1536x1310.jpg"},"2048x2048":{"file":"Calendrier-perpetuel-allemand-ecrin-SAS112a-01-2048x1747.jpg","width":2048,"height":1747,"filesize":623858,"mime_type":"image\/jpeg","source_url":"https:\/\/www.carrerivegauche.com\/wp-content\/uploads\/2025\/01\/Calendrier-perpetuel-allemand-ecrin-SAS112a-01-2048x1747.jpg"},"woocommerce_thumbnail":{"file":"Calendrier-perpetuel-allemand-ecrin-SAS112a-01-300x300.jpg","width":300,"height":300,"filesize":24598,"uncropped":false,"mime_type":"image\/jpeg","source_url":"https:\/\/www.carrerivegauche.com\/wp-content\/uploads\/2025\/01\/Calendrier-perpetuel-allemand-ecrin-SAS112a-01-300x300.jpg"},"woocommerce_single":{"file":"Calendrier-perpetuel-allemand-ecrin-SAS112a-01-600x512.jpg","width":600,"height":512,"filesize":67203,"mime_type":"image\/jpeg","source_url":"https:\/\/www.carrerivegauche.com\/wp-content\/uploads\/2025\/01\/Calendrier-perpetuel-allemand-ecrin-SAS112a-01-600x512.jpg"},"woocommerce_gallery_thumbnail":{"file":"Calendrier-perpetuel-allemand-ecrin-SAS112a-01-300x300.jpg","width":300,"height":300,"filesize":24598,"mime_type":"image\/jpeg","source_url":"https:\/\/www.carrerivegauche.com\/wp-content\/uploads\/2025\/01\/Calendrier-perpetuel-allemand-ecrin-SAS112a-01-300x300.jpg"},"full":{"file":"Calendrier-perpetuel-allemand-ecrin-SAS112a-01-scaled.jpg","width":2560,"height":2184,"mime_type":"image\/jpeg","source_url":"https:\/\/www.carrerivegauche.com\/wp-content\/uploads\/2025\/01\/Calendrier-perpetuel-allemand-ecrin-SAS112a-01-scaled.jpg"}},"image_meta":{"aperture":"29","credit":"","camera":"NIKON D800E","caption":"","created_timestamp":"1716206955","copyright":"","focal_length":"60","iso":"100","shutter_speed":"0.76923076923077","title":"","orientation":"1","keywords":[]},"original_image":"Calendrier-perpetuel-allemand-ecrin-SAS112a-01.jpg"},"post":null,"source_url":"https:\/\/www.carrerivegauche.com\/wp-content\/uploads\/2025\/01\/Calendrier-perpetuel-allemand-ecrin-SAS112a-01-scaled.jpg","_links":{"self":[{"href":"https:\/\/www.carrerivegauche.com\/fr\/wp-json\/wp\/v2\/media\/30882","targetHints":{"allow":["GET"]}}],"collection":[{"href":"https:\/\/www.carrerivegauche.com\/fr\/wp-json\/wp\/v2\/media"}],"about":[{"href":"https:\/\/www.carrerivegauche.com\/fr\/wp-json\/wp\/v2\/types\/attachment"}],"author":[{"embeddable":true,"href":"https:\/\/www.carrerivegauche.com\/fr\/wp-json\/wp\/v2\/users\/88"}],"replies":[{"embeddable":true,"href":"https:\/\/www.carrerivegauche.com\/fr\/wp-json\/wp\/v2\/comments?post=30882"}]}}

<p>Calendrier perpétuel non signé conçu en Allemagne au XVIIIe siècle.</p>
